e remainder when q is divided by 13?
10
Suppose -x + 490 = 4*x. Suppose -2*f + 177 = 57. Let v = f + -35. What is the remainder when x is divided by v?
23
Suppose 4*n = -5*i + 3, -2*n - i = 2*i - 3. Let s = 5 + n. Suppose 3*q - 27 = -3*m, -6 = -5*m - 3*q + 33. Calculate the remainder when m is divided by s.
0
Let d(x) = -x**2 - 2*x + 69. Calculate the remainder when 62 is divided by d(5).
28
Let o be 2/(-5) + (-94)/(-10). Let u(z) = -z**3 + 8*z**2 + 10*z + 6. Let b be u(o). Let k = 29 - b. What is the remainder when 55 is divided by k?
13
Let k be (2 - 1) + (12 - -2). Suppose -k = 3*x - 42. What is the remainder when x is divided by 178 + -167 - (5 + 0)*1?
3
Suppose -2*x + 877 = 3*x + 4*z, -z = 2*x - 352. Suppose 5*y = q + x, 0 = 4*y - 4*q + 2*q - 144. What is the remainder when 100 is divided by y?
30
Suppose -3*s = -6*s + 192. Suppose 2 = 2*g + s. Let f = g + 85. Calculate the remainder when f is divided by 14.
12
Let a(v) = -458*v. Let t be a(1). Calculate the remainder when 40 is divided by (-8)/(-44) - t/22.
19
Calculate the remainder when 113 is divided by (-2)/(-11) + (-3102)/(-242).
9
What is the remainder when 106 is divided by 502/14 + 5/35?
34
Suppose -4*w + p + 635 = 0, 5*w - 5*p = 201 + 589. What is the remainder when w is divided by 41?
36
Let s(j) = -j**3 + 13*j**2 + 13*j + 48. Calculate the remainder when 101 is divided by s(14).
33
Let z = -2263 + 2286. Calculate the remainder when 44 is divided by z.
21
Let r = -1151 - -1161. Calculate the remainder when 110 is divided by r.
0
Let c(j) = j**3 + 5*j**2 + 3*j + 1. Let x(b) = -b - 7. Let i = 16 + -29. What is the remainder when c(-3) is divided by x(i)?
4
Suppose 9*a = 3 + 15. Suppose a*v = 82 - 76. What is the remainder when 21 is divided by v?
0
Suppose 2*a - 695 = -199. What is the remainder when a is divided by 63?
59
Suppose 0*h - 2*d + 6 = 2*h, 3*d - 9 = 0. Suppose -t - 4*t - 10 = h. Calculate the remainder when 43 is divided by (t/1 - -15) + -2.
10
Suppose -5*a + 30 = -15. Let v be 6/9 - 120/18. Let i = 21 + v. Calculate the remainder when i is divided by a.
6
Suppose -76 = 14*x + 50. Let d(l) = -3*l + 13 - 4*l + 4*l + 2*l. Calculate the remainder when 41 is divided by d(x).
19
What is the remainder when 275 is divided by (-8 - 78/(-12))*184/(-6)?
45
Let i = -11 + 11. Suppose i = -4*f - 12 - 0. Calculate the remainder when 24 is divided by (f + 1)*(-72)/16.
6
Suppose 4*i = p - 5*p + 328, 0 = -2*i + 2*p + 176. What is the remainder when 319 is divided by i?
64
What is the remainder when (4/8*-1)/((-1)/70) is divided by 19?
16
Let q(b) = -2*b + 47. Let w be q(24). Calculate the remainder when 33 is divided by (-3 - 0)*w*(-3)/(-1).
6
Let w = -72 - -149. Let l be -14 + -4 + (-1 - -2). Let t = -4 - l. What is the remainder when w is divided by t?
12
Let m be 0/3 - 6 - 2. Let u = -5 - m. Calculate the remainder when 2/(-6)*45/(-15) - -6 is divided by u.
1
What is the remainder when 105 is divided by (-9558)/(-108) - -2*(-2)/(-8)?
16
What is the remainder when 122 is divided by (76 + -84)/((-2)/4)?
10
Let m(i) = -2*i**3 + 15*i**2 - 4*i + 10. Let x be 41*3 + 3 + -4. Calculate the remainder when (-1 - -4 - 2)*x is divided by m(7).
29
Suppose -24*y + 2341 = -11. What is the remainder when y is divided by 50?
48
What is the remainder when 568 is divided by (-4)/((14/(-126))/(38/12))?
112
Let f(u) = -5 + 5*u + 0*u**2 + 4 + u**2. Let m = 90 + -65. What is the remainder when m is divided by f(-7)?
12
Let p(w) = w**2 - 20*w + 15. Let v be p(19). What is the remainder when (v/5 - 0)*-155 is divided by 16?
12
Let m be 8/12*(-9)/(-1). Suppose -2*u = -m*u. Let o = 15 - u. Calculate the remainder when o is divided by 4.
3
Let j be 12 + -11 + (-1 - -6). Let p = 28 + -11. Calculate the remainder when p is divided by (-2)/(j/15)*-1.
2
Let a(v) = 20*v + 140. What is the remainder when 78 is divided by a(-5)?
38
Calculate the remainder when 1584 is divided by -3 - 1/(((-6)/(-29))/(-6)).
24
Let j = -1299 + 1311. Calculate the remainder when 2337 is divided by j.
9
Let k(c) = -14*c + 59. Let y be k(13). Let x = y - -141. What is the remainder when 44 is divided by x?
8
Let l be 26/(((-25)/(-170))/5). Suppose r + 0*k - 211 = -2*k, -l = -4*r + 2*k. Calculate the remainder when r is divided by 55.
54
Suppose 5*w = 25, -t - 3*w = -21 + 1. Suppose -3*v = 2*c - 15, -3*v + 5 = 3*c - 19. Suppose -c - t = -n. What is the remainder when 53 is divided by n?
11
Let k = 429 + -410. What is the remainder when 207 is divided by k?
17
Let x be (-16)/6*225/(-60). Let w = 27 + x. Calculate the remainder when w is divided by 10.
7
What is the remainder when 214 is divided by ((-8)/28)/((-30)/5250)?
14
Suppose -3*r = 2*r. Let f = -15 - r. Calculate the remainder when 6/((f/8)/(-5)) is divided by 10.
6
Let f(m) = 2*m - 3. Let a be f(4). Suppose 0 = -0*t - a*t + 2*c + 71, -5*t + 4*c + 67 = 0. Calculate the remainder when t is divided by 5.
0
Suppose 1442 + 1554 = 2*y. What is the remainder when y is divided by 25?
23
Suppose 8*b = 58 - 18. Calculate the remainder when 48 is divided by b.
3
Suppose 0 = -3*w - 4*k + 136, -5*k = w - 4*k - 44. Suppose w = 4*l - 184. Calculate the remainder when l is divided by 10.
6
Let s(y) = -13*y - 5. Let z(t) = -t**2 + 17*t - 6. What is the remainder when z(11) is divided by s(-2)?
18
Let u = -34 + 38. Calculate the remainder when (-164)/(-16) - (-3)/u is divided by 5.
1
Suppose -13*v + 46653 - 46276 = 0. What is the remainder when (-210)/(-4) + 2/(-4) is divided by v?
23
Let y(n) = 2*n**2 + n + n + 4*n - 9*n + 7. What is the remainder when y(5) is divided by 11?
9
Let v(l) = l**2 - l + 140. Let d be v(0). Suppose t + d = -3*t. Let c = t + 71. Calculate the remainder when c is divided by 19.
17
Let q = -40 - -79. Let k = -3 - -7. Suppose h - 2*d = -6*d + 17, -80 = -k*h - 4*d. What is the remainder when q is divided by h?
18
Let q = 6 + -4. Suppose -q*c = -5*r - 180, -2*c - r + 180 = -4*r. Suppose -2*y - 3*y + c = 0. What is the remainder when y is divided by 7?
4
Suppose -x + 10 = x + 2*j, 4*x - 2*j = 2. Suppose 99 = x*k - 2*m - 17, 0 = -3*k + 2*m + 177. What is the remainder when k is divided by 7?
5
Let k be (-2)/5 - (-11568)/20. Suppose -3*i - 209 + k = 0. What is the remainder when i is divided by 31?
30
Let n be (42/147 - 5/(-7)) + -48. Let s = n - -59. What is the remainder when 35 is divided by s?
11
Suppose 4*u - 3 = 9. Suppose -3*m - 4*i + 56 = -2*i, -u*i + 3 = 0. Suppose -24 = -f + 45. Calculate the remainder when f is divided by m.
15
Suppose 4*i = 4*r - 28, 0 = -r - 2*i - 0 + 10. Suppose 9 = 27*s - 24*s. Calculate the remainder when r is divided by s.
2
What is the remainder when (-1)/((-15)/(-60) - (-55)/(-216)) is divided by 44?
40
Suppose 2*z + 4*u = 16, 5*z - 3*z - 2*u - 16 = 0. Suppose -4*l + 6*l - z = 0. What is the remainder when 9 is divided by l?
1
Let z = 11 - -5. Let h = z + -12. Suppose 0 = h*k - 8, 0 = -4*j - k - 2*k + 78. What is the remainder when 51 is divided by j?
15
Let u(m) = 5*m**3 + 2*m + 2. Let g(i) = 9*i**3 + 4*i + 3. Let n(r) = 3*g(r) - 5*u(r). Let h = -5 + 8. What is the remainder when n(1) is divided by h?
0
Calculate the remainder when (-310)/(-7) - (-150)/(-525) is divided by (-9)/(((-2)/(-1))/(-2)).
8
Suppose -v - 5*v + 24 = 0. Suppose 2*y - 2*n = 8, -v*y + n + 12 = -4*n. Calculate the remainder when 12 is divided by y.
4
Suppose -80 = -j + 2*r, 5*j = 3*r - 0*r + 414. Calculate the remainder when 334 is divided by j.
82
Suppose w = 3*p - 7*p + 29, -2*p + 4*w = 8. Let n(t) = -p + 3*t + 3*t - 5*t - 2*t. What is the remainder when 10 is divided by n(-9)?
1
Let q(z) = 2*z**3 + 5*z**2 - 9*z - 7. What is the remainder when q(3) is divided by 5?
0
Let x be 120/32 - 1/(-4). Suppose -x*a = -13 - 115. What is the remainder when a is divided by ((-2)/4)/((-4)/136)?
15
Suppose 0 = -5*y - 3*x + 398, -3*y + 94 = -2*y - 3*x. Suppose -y*i + 33 = -79*i. Calculate the remainder when 20 is divided by i.
9
Let t(x) = -1. Let m(o) = -o - 11. Let c(z) = m(z) - 6*t(z). What is the remainder when 8 is divided by c(-8)?
2
Let m = -17 + 4. Let r = m + 29. Let l(y) = y**2 - 16*y + 23. Calculate the remainder when 66 is divided by l(r).
20
What is the remainder when ((-5)/(-80)*452)/((-1)/(-20)) is divided by 52?
45
Let d(c) = c**2 + 2*c. Let z be d(-2). Suppose -4*l 